of 240933 and 98637?
1617
What is the highest common factor of 123359 and 562?
281
Calculate the highest common divisor of 1931988 and 1229.
1229
Calculate the highest common factor of 48 and 15452.
4
What is the highest common factor of 25965 and 13848?
1731
What is the greatest common divisor of 919 and 1181834?
919
What is the highest common divisor of 105536 and 128?
64
What is the highest common factor of 14 and 20846?
14
What is the greatest common divisor of 4089597 and 446?
223
Calculate the highest common factor of 1385 and 437383.
277
What is the highest common divisor of 25968 and 36?
12
What is the highest common factor of 101440 and 9280?
320
What is the greatest common divisor of 68 and 11140678?
34
Calculate the greatest common factor of 14 and 113162.
14
What is the highest common divisor of 18 and 3903138?
18
Calculate the highest common divisor of 1402 and 454949.
701
Calculate the highest common factor of 14 and 728700.
14
Calculate the highest common factor of 49 and 15309.
7
What is the highest common divisor of 527 and 203303?
17
Calculate the highest common factor of 8082 and 13919.
449
What is the greatest common divisor of 11872153 and 37?
37
Calculate the greatest common factor of 86535 and 360.
45
Calculate the highest common factor of 27 and 974097.
9
Calculate the highest common factor of 54470 and 390.
130
Calculate the greatest common factor of 1044 and 3828.
348
What is the highest common divisor of 891 and 9251?
11
What is the greatest common factor of 88677 and 1593?
531
Calculate the greatest common divisor of 5292 and 812.
28
What is the highest common factor of 3468 and 126684?
204
Calculate the highest common factor of 209 and 2603.
19
Calculate the greatest common divisor of 1104 and 1236.
12
Calculate the greatest common divisor of 319 and 6061.
319
Calculate the greatest common divisor of 12964 and 84.
28
Calculate the greatest common factor of 294118 and 174.
58
Calculate the greatest common factor of 7346656 and 64.
32
Calculate the greatest common factor of 1190 and 442085.
595
What is the greatest common factor of 5657 and 1?
1
What is the greatest common factor of 72 and 194592?
24
Calculate the highest common factor of 4112 and 196862.
514
What is the greatest common divisor of 153994 and 74?
74
What is the greatest common factor of 202969 and 169?
169
Calculate the greatest common divisor of 35416 and 7223.
233
What is the highest common divisor of 9216 and 162?
18
What is the highest common factor of 109428 and 528?
132
Calculate the highest common factor of 628 and 487328.
628
What is the highest common factor of 12208 and 672?
112
What is the highest common factor of 87913 and 266?
133
What is the highest common divisor of 36 and 172?
4
What is the highest common factor of 279480 and 3672?
408
What is the greatest common factor of 512 and 1638656?
256
Calculate the highest common factor of 231 and 13543761.
231
Calculate the greatest common factor of 61353 and 918.
153
Calculate the greatest common factor of 4907 and 14.
7
What is the highest common factor of 13736 and 408?
136
What is the highest common divisor of 1141961 and 309?
103
Calculate the greatest common factor of 9 and 15786.
9
What is the highest common divisor of 3649 and 2?
1
What is the highest common factor of 128350 and 1208?
302
What is the highest common factor of 48 and 70236?
12
What is the greatest common divisor of 22372 and 14758?
94
What is the highest common divisor of 99164 and 12?
4
What is the greatest common factor of 30 and 364000?
10
What is the highest common divisor of 18290 and 4185?
155
Calculate the highest common divisor of 15 and 140115.
15
Calculate the greatest common factor of 139 and 290093.
139
What is the greatest common divisor of 155 and 84785?
155
What is the greatest common divisor of 438 and 29724?
6
What is the highest common factor of 436763 and 109?
109
What is the greatest common divisor of 29256 and 22080?
552
What is the greatest common divisor of 258 and 1158?
6
What is the greatest common divisor of 669 and 2?
1
What is the highest common divisor of 13352 and 184?
8
Calculate the greatest common divisor of 1202770 and 10.
10
Calculate the greatest common divisor of 1100 and 1479940.
220
Calculate the greatest common divisor of 2695 and 495.
55
Calculate the highest common factor of 6072761 and 43.
43
What is the highest common factor of 91 and 253994?
13
What is the highest common factor of 81 and 1018737?
81
What is the greatest common divisor of 846 and 2205099?
423
Calculate the highest common divisor of 46676 and 42.
14
Calculate the highest common factor of 11776 and 832.
64
Calculate the highest common divisor of 234 and 7592.
26
Calculate the greatest common factor of 5649 and 80162.
269
What is the greatest common factor of 186449 and 235?
47
What is the greatest common factor of 144 and 122625?
9
What is the highest common factor of 297 and 2727?
27
What is the greatest common divisor of 296 and 279239?
37
What is the greatest common divisor of 361179 and 2106?
1053
Calculate the greatest common factor of 604 and 438957.
151
What is the highest common factor of 8773 and 3131?
31
What is the greatest common factor of 57914 and 7360?
46
What is the greatest common factor of 111 and 1724052?
111
Calculate the greatest common factor of 2361810 and 220.
110
What is the greatest common divisor of 1955138 and 76?
38
What is the greatest common divisor of 112 and 1168?
16
What is the highest common divisor of 1570 and 710?
10
Calculate the greatest common divisor of 1528 and 16999.
191
Calculate the highest common divisor of 60 and 49965.
15
Calculate the greatest common divisor of 136 and 6562.
34
What is the highest common divisor of 3993 and 1056?
33
Calculate the greatest common factor of 2691 and 43641.
117
Calculate the highest common factor of 78453 and 621.
207
What is the greatest common factor of 104355 and 270?
135
What is the greatest common divisor of 176 and 70004?
44
What is the greatest common factor of 57 and 12180900?
57
Calculate the highest common factor of 5192 and 151217.
649
Calculate the greatest common divisor of 1759464 and 1260.
252
What is the greatest common factor of 64 and 65416?
8
Calculate the greatest common factor of 151 and 98603.
151
What is the highest common divisor of 195 and 184665?
195
Calculate the greatest common factor of 132882 and 12.
6
What is the highest common factor of 306558 and 1323?
189
Calculate the greatest common divisor of 738 and 13842.
18
Calculate the greatest common divisor of 33520 and 4160.
80
What is the highest common factor of 7288 and 5048?
8
What is the greatest common divisor of 1780 and 1010?
10
Calculate the highest common divisor of 456 and 6504.
24
What is the greatest common divisor of 134928 and 12?
12
What is the highest common factor of 240351 and 165906?
2127
Calculate the highest common factor of 2487 and 261964.
829
What is the greatest common divisor of 3941148 and 24?
12
Calculate the greatest common divisor of 2448 and 4608.
144
What is the highest common factor of 10032 and 152?
152
What is the greatest common factor of 1712090 and 190?
190
What is the highest common factor of 126089 and 17?
17
What is the greatest common divisor of 336 and 822?
6
Calculate the greatest common factor of 4 and 526516.
4
What is the greatest common factor of 516 and 1075?
43
Calculate the greatest common factor of 693 and 288897.
21
Calculate the greatest common factor of 69227 and 592.
37
Calculate the greatest common factor of 40 and 466920.
40
Calculate the greatest common divisor of 4320 and 855.
45
Calculate the greatest common factor of 156 and 22828.
52
Calculate the greatest common divisor of 191381 and 97.
97
Calculate the highest common divisor of 55 and 4955.
5
Calculate the highest common factor of 18 and 73122.
6
Calculate the greatest common factor of 16170 and 4704.
294
Calculate the greatest common factor of 22494 and 276.
138
What is the highest common divisor of 253678 and 2?
2
Calculate the greatest common divisor of 528 and 3852.
12
Calculate the greatest common divisor of 26484 and 4.
4
Calculate the highest common factor of 1016 and 200914.
254
Calculate the greatest common divisor of 75 and 2